 57. Is n a prime number?
False
Let p(n) = -17*n - 4. Let o(x) = -2*x - 1. Let k be 20/(-35) - (-64)/14. Let b be o(k). Is p(b) composite?
False
Suppose 105 - 21 = 4*u. Let l be 4/(-28) + 4686/u. Suppose y - 5*f = 64 + l, -5*y - 2*f = -1435. Is y a prime number?
False
Suppose 0 = n - 3*a + 3928, 2*a + a = 4*n + 15730. Is (-2*n/12)/((-9)/(-27)) composite?
True
Let m(a) = 61*a**2 - 7*a - 11. Is m(-8) composite?
True
Let u(t) = -27*t - 19*t - 13 + 21*t. Is u(-2) a composite number?
False
Let l(w) = w**2 + w - 1. Let m(t) = -4*t**2 - 10*t + 15. Let h(v) = 5*l(v) + m(v). Is h(4) a prime number?
False
Let l be 12/90 - (-56)/30. Let c be (2 - l/1) + 0. Suppose 2*n - 2*x + 0*x - 972 = c, -2*x + 1938 = 4*n. Is n a prime number?
False
Let y(m) = -m**2 - 6*m + 4. Suppose -4*j - 4 = 2*c - 6*j, -5*c + j - 26 = 0. Let x be y(c). Suppose x*w = w + 633. Is w composite?
False
Suppose -g + b = 3*g - 26970, g + 2*b = 6738. Suppose -5*v + g + 813 = 0. Is v composite?
False
Suppose 0*a - 5*y + 542 = -4*a, -3*y - 6 = 0. Let q be (-2 - -1) + 99 + -1. Let r = q - a. Is r a prime number?
False
Is (65680 - 2)*(-8)/(-16) a composite number?
False
Suppose 4*n + 265 = i, 62 = -n - 0*i - 4*i. Let x = 307 + n. Suppose 3*k - 4*y = -0*k + x, 4*y = -3*k + 257. Is k a prime number?
True
Let z(l) = -1336*l - 170. Is z(-7) prime?
False
Let f(a) = 0 + 3 + 8 + 0 - 9*a - 6*a**3. Is f(-6) a prime number?
True
Is (7/(-14)*2836)/(-2) a composite number?
False
Let h = -153 - -350. Let q = h + 402. Is q a prime number?
True
Suppose 8*c = 68902 + 183762. Is c a composite number?
False
Suppose 4*h + 6 = 3*l, -4*l = h + 2*h - 8. Is (3 - l) + 1290/1 a prime number?
True
Let r be (-13 - -1)/(-4) - -1. Let h be 35*(-4)/20*-21. Suppose -359 + h = -r*c. Is c composite?
False
Let p be 1/4 + 52/(-16)*541. Is (p/24)/(2/(-8)) prime?
True
Let b be ((-279)/(-6))/((-12)/(-32)). Let w = 251 - b. Is w composite?
False
Suppose -218*b + 273353 = -199*b. Is b prime?
True
Suppose -y = -4*w - 0*y + 2, 0 = -5*w - 3*y - 6. Suppose -1306 = -5*g + 3*g + 2*d, w = -3*g + 2*d + 1955. Is g a composite number?
True
Let p be -2 + 0 + (-1 - -8 - 1). Is 98583/34 + (-2)/p prime?
False
Suppose -2*c = -5*r - 36, -4*c + 2*r + 61 - 21 = 0. Let g = c + -7. Is 94 - -3*(0 + g) a prime number?
True
Suppose -19*u + 79828 = -64743. Is u a prime number?
False
Is (-8)/(-10) + (5133629/95 - 2) composite?
False
Let h(r) = -r + 2. Let v be h(-2). Suppose 3*c - v*c = -2*u + 93, -u + 259 = -3*c. Let w = c + 552. Is w a prime number?
True
Suppose -4*a + 48 = -4*r, -4*a - 3 = -r - 9. Let f(s) = -9*s + 65. Is f(r) a composite number?
False
Suppose 9*a - 9 = 27. Suppose -2689 = -5*n - a*l, l = -5*n + 1576 + 1125. Is n a prime number?
True
Is (-6)/((-6)/4411) - (1 + 1) a composite number?
False
Let b(t) = 2*t**2 - t. Let k be b(-2). Let z be k/(-2)*(-5 - -8). Let o = z + 80. Is o a prime number?
False
Let t(o) = o**3 + 15*o**2 - o - 12. Let s be t(-15). Suppose -2*l - 2*l + s*j - 1770 = 0, 4*l + 3*j + 1758 = 0. Let x = l + 940. Is x a prime number?
True
Let m be 75/(-10)*(-2 + -2) + -1. Let q = m + -19. Is q composite?
True
Let w be (-24)/(-28)*(-8 + 1). Let i(u) = -6*u**3 + 5*u**2 + 6*u + 5. Let a(y) = -5*y**3 + 6*y**2 + 7*y + 6. Let z(l) = w*i(l) + 5*a(l). Is z(1) prime?
False
Let z = 85631 - 58182. Is z prime?
True
Let u(m) = -4624*m + 434. Is u(-15) composite?
True
Let t = 43 - 25. Let w(p) = -p**2 + 18*p + 4. Let x be w(t). Suppose 2*o + 254 = x*o. Is o composite?
False
Let m(d) = 8*d**2 - 2*d - 1. Let w(a) = -a + 13. Let c be w(17). Let k be (-6)/c*(-50)/15. Is m(k) a composite number?
True
Let a = 38 + -29. Is ((-8)/6)/4 - (-13296)/a a prime number?
False
Let w(c) = -25*c**2 - 14*c + 13. Let a(f) = 25*f**2 + 13*f - 12. Let j(v) = 4*a(v) + 3*w(v). Suppose -12 = -3*n - 0. Is j(n) composite?
False
Let y(q) = 69*q**2 - 3*q - 2. Let i be y(3). Let j = 244 - i. Let x = 625 + j. Is x a prime number?
False
Let n = 16120 + -4359. Is n a prime number?
False
Suppose -478 + 127 = 3*d. Let u be 137501/d + 4/18. Let o = -360 - u. Is o a prime number?
False
Suppose -2*z + 7 = 1. Suppose 0 = -z*o + 153 + 714. Suppose 0 = -3*j + o + 488. Is j composite?
True
Let n(s) = -7*s**2 + 20*s. Let b(q) = 4*q**2 - 10*q. Let h(g) = -5*b(g) - 3*n(g). Let p be h(11). Suppose p*j - 586 = 9*j. Is j prime?
True
Let t(d) = d**3 - 5*d**2 - 8*d + 7. Let j be t(6). Let i(r) = 3*r**2 + 10*r + 10. Is i(j) a composite number?
True
Suppose -2*h - 451015 = -5*l, 11*h - 12*h = -5. Is l a composite number?
True
Suppose -3 = -3*u, -n - u + 62 + 4 = 0. Suppose 4*z - 16 = 0, 4*z - 37 - n = -2*i. Is i prime?
True
Let n(o) = o**3 + 8*o**2 - 15*o + 6. Let l be n(-11). Let m = 67 - l. Is m composite?
True
Let r(h) = 29*h**2 + h + 1. Let a = -12 + 13. Suppose -2*v = -5 + a. Is r(v) composite?
True
Let k(j) = -j + 8. Let i be k(6). Suppose i*t - 288 = 2*d, 0*t - 5*t = 3*d - 760. Suppose -h + z + 3*z = -53, 3*h = 2*z + t. Is h a prime number?
False
Let i(l) = 53*l**3 - 12*l**2 + 32*l - 37. Is i(8) a composite number?
True
Let h = 561 - 208. Suppose -3*v + 784 + h = 0. Is v prime?
True
Let i(y) = -y + 8. Let o = 17 - 9. Let v be i(o). Suppose v*a + 3*a - 78 = 0. Is a a prime number?
False
Let q = 21 + -13. Let z = -7 + q. Is (-4 + 3)*(z + -80) prime?
True
Let f = -39 - -37. Let r(q) = -163*q**3 + q**2 + 3*q + 4. Is r(f) a prime number?
False
Let y(b) = b**3 + 1. Let w be (-4 - 36/(-8))*2. Let s(p) = 5*p**3 + 13*p**2 + 19. Let c(j) = w*s(j) - 4*y(j). Is c(-13) composite?
True
Suppose -500 = -5*z - 40. Let l be 5/(-10) - (-19)/(-2). Is (z/l)/(2/(-10)) a prime number?
False
Let j(i) = i**3 - 7*i**2 - 9*i + 11. Let a be j(8). Suppose -a*c + 1007 = -4*l, 4*c = 4*l - c + 1017. Is 3/1*l/(-24) a composite number?
False
Let g(h) = h**3 - 7*h**2 + 10*h - 2. Let m be g(4). Is (8/m)/((-8)/2540) composite?
True
Let o = 490 - -579. Is o composite?
False
Suppose 20*l - 16*l - 592 = 0. Let z = l + -254. Let g = z - -293. Is g a composite number?
True
Let t(o) = o - 15. Let p be t(11). Is (-2253)/p + 8/(-32) prime?
True
Let z(k) = -2*k**2 - 4*k + 3. Let v be z(2). Let j(c) = -83*c - 1. Let r be j(v). Let i = -189 + r. Is i a prime number?
False
Suppose -o + 2956 = o. Suppose 6*n = 4*n + o. Suppose 3*r = 2*r + n. Is r composite?
False
Let o(d) = -2*d**2 + 3*d + 4. Let u be o(3). Let n = u - 3. Is (-1020)/n + (-3)/6 a prime number?
True
Let s(m) = -145*m**2 - m - 2. Let v be s(-2). Let y = -365 - v. Is y a composite number?
True
Suppose -2112 = 4*f + q, -3*q = 4*f + 2*q + 2112. Let x be (2 - f) + -1 - -1. Suppose 0*i + x = 2*i. Is i a composite number?
True
Let x be (-3)/(-21) + (-17936)/14. Let u = -802 - x. Is u a composite number?
False
Let u(t) = -2*t + 30. Let c be u(15). Suppose -2*x + 1064 = 5*n - 11995, 2*n - x - 5220 = c. Is n a composite number?
True
Let k(n) = n**2 + 15*n - 4. Let g be k(-15). Let i(y) = 4 - 3*y**2 + 2*y**2 - 6*y**3 - 3 + 0*y**3 + 4*y. Is i(g) a prime number?
True
Let k(u) = -u + 12. Let c(i) = -3*i + 36. Let m(b) = 4*c(b) - 11*k(b). Let r be m(-7). Suppose -l - r = -2*o - 0*o, 0 = 2*o + 2*l - 28. Is o a prime number?
True
Is (14 - -2780)*2/4 a composite number?
True
Let i be (-2)/9*-6*(-573)/(-2). Suppose -i = -3*j + 101. Is j a prime number?
False
Let u(w) = -w**2 - 72. Let f be u(0). Let b be (3/(-2))/(3/4). Is (-18232)/f + b/9 prime?
False
Suppose -2*x - 2159 = -5*k - 4*x, -6 = 2*x. Suppose -5*j + 167 + k = 0. Let v = -11 + j. Is v a composite number?
False
Let i(s) = -66*s**3 + 2*s**2 + 7*s + 1. Let v be i(-5). Suppose 4*t = -t - 3*r + v, 2 = r. Suppose -3*h - t = -4*b + h, 1215 = 3*b + 3*h. Is b a prime number?
True
Is (4 + -76484)/(-5) + 3 composite?
False
Let n = 22 - 18. Suppose n*g - 877 = -129. Is g prime?
False
Suppose 0*g - 3*g - 15 = 2*l, 5*l - 15 = 3*g. Suppose -3*i = 4*r + 9, 3*i + 9 = 5*r - l*r. Let x = 112 - i. Is x a prime number?
False
Suppose -8*y = y + 1161. Suppose 0 = -5*f - 5*n + 1365, 829 = 3*f + 5*n - 4*n. Let m = y + f. Is m a composite number?
False
Let j(n) = -11*n**3 + 3*n**2 - 4*n + 1. Suppose -3 = -3*k + 4*k. Is j(k) prime?
True
Suppose 2*a - a - 6217 = 5*o, 3*a - 18571 = -5*o. Is a a prime number?
True
Let a = -3396 + 7008. Is 48/80 + a/5 a composite number?
True
Suppose 0 = -4*a + v - 98, -a + 4*v + 5 = 22. Let x = 30 + a. Suppose -x*u - u + 